2010122 + 10?
2010132
In base 8, what is -4 + 14?
10
In base 7, what is 3532 + -3?
3526
In base 10, what is -41 + -4?
-45
In base 7, what is 156200 + -3?
156164
In base 9, what is 1 - -177?
178
In base 2, what is 10011 - 1111?
100
In base 5, what is 12121 - 3?
12113
In base 3, what is -11200001 + 1?
-11200000
In base 3, what is 21111 - 2?
21102
In base 7, what is 46 + -11?
35
In base 9, what is -34 + -24?
-58
In base 4, what is -1001 + 30?
-311
In base 9, what is 12 - -473?
485
In base 3, what is 112010221 - 10?
112010211
In base 7, what is -461 - -141?
-320
In base 16, what is -3 - 1dd?
-1e0
In base 10, what is 145 - -15?
160
In base 5, what is 10 - -300332?
300342
In base 10, what is 34 - -78?
112
In base 3, what is -12 + -20001?
-20020
In base 14, what is 366 + -14?
352
In base 3, what is 10011 - 11?
10000
In base 9, what is 2 + -225?
-223
In base 5, what is 10240 + 4?
10244
In base 7, what is -4 + 4162?
4155
In base 8, what is 15 + 4?
21
In base 13, what is 4 + -32?
-2b
In base 15, what is 3 + -10b1?
-10ad
In base 9, what is 3645 + 10?
3655
In base 4, what is 3302233 + 1?
3302300
In base 3, what is 11212 + 11?
12000
In base 7, what is -531 - 120?
-651
In base 15, what is -5 - 284?
-289
In base 14, what is 9a + 16?
b2
In base 14, what is 16 + -2b?
-15
In base 13, what is 0 - 7b?
-7b
In base 3, what is 211001 - 0?
211001
In base 5, what is -22110 - 2?
-22112
In base 8, what is 1036 - -21?
1057
In base 2, what is 10011 + -10001?
10
In base 15, what is -4 + 1e3?
1de
In base 16, what is -11 + -685?
-696
In base 2, what is -10101010110 - 1?
-10101010111
In base 4, what is -10 + -3221?
-3231
In base 8, what is 1 - 50?
-47
In base 2, what is 10100 + 1011?
11111
In base 12, what is 1 - -13a?
13b
In base 8, what is -1 + -356?
-357
In base 4, what is 2232 + -2?
2230
In base 13, what is 26b3 - 3?
26b0
In base 8, what is 170 + 2?
172
In base 16, what is -191 - 0?
-191
In base 5, what is 4 + -42?
-33
In base 11, what is -1 - 21?
-22
In base 12, what is 4 - -b5?
b9
In base 5, what is -4 + -24103?
-24112
In base 6, what is 5 + 24503?
24512
In base 2, what is 101 + 11111?
100100
In base 12, what is 21582 - 2?
21580
In base 2, what is -1010 - 101011110?
-101101000
In base 13, what is -5 + 159?
154
In base 8, what is -102740 - 2?
-102742
In base 10, what is 4 + -80?
-76
In base 10, what is -685 - -9?
-676
In base 4, what is 101 - -223?
330
In base 6, what is -53011 - -4?
-53003
In base 4, what is -111 + 12?
-33
In base 11, what is 156 + -8?
149
In base 6, what is -4 - -34?
30
In base 13, what is 292b - -5?
2933
In base 11, what is -23 + -5?
-28
In base 5, what is 3 - 122?
-114
In base 5, what is 10 + 1331?
1341
In base 12, what is -39a - 3?
-3a1
In base 12, what is 61 - 0?
61
In base 13, what is 2b - 1?
2a
In base 10, what is -4 - 2?
-6
In base 4, what is 11 + 12110?
12121
In base 6, what is 34 + -53?
-15
In base 9, what is 6 + -8180?
-8173
In base 4, what is 11 + 1031?
1102
In base 13, what is 24a - -5?
252
In base 5, what is -2130 + -2?
-2132
In base 2, what is 111101 - -1000?
1000101
In base 4, what is 231113 - -1?
231120
In base 2, what is -1110 + -11001?
-100111
In base 4, what is -11 + 1223021?
1223010
In base 6, what is 1115 - -10?
1125
In base 15, what is 12dd + -2?
12db
In base 5, what is -3 - 13?
-21
In base 3, what is -121112 + 1?
-121111
In base 9, what is 14 - 1477?
-1463
In base 13, what is -670 - 8?
-678
In base 8, what is 13153 - -5?
13160
In base 9, what is -10 - -5?
-4
In base 7, what is -2 + -3140?
-3142
In base 6, what is -5 - -14?
5
In base 12, what is -18a0 + 0?
-18a0
In base 8, what is 3 - -166?
171
In base 12, what is 4 - 53?
-4b
In base 9, what is -7 - 26?
-34
In base 5, what is -11 + -1311?
-1322
In base 7, what is -4 + 141?
134
In base 9, what is -2 - 10?
-12
In base 7, what is -3 - 620?
-623
In base 6, what is -105 + 23?
-42
In base 3, what is 1 + 101?
102
In base 15, what is 1 + 1aa?
1ab
In base 12, what is -3121 + -5?
-3126
In base 13, what is 2 - 407?
-405
In base 4, what is -10 + -32033?
-32103
In base 16, what is 2e9 - 1?
2e8
In base 3, what is -12 - -111120?
111101
In base 3, what is -10200 - -110?
-10020
In base 15, what is -3 + -12?
-15
In base 16, what is -1cc6 - 1?
-1cc7
In base 6, what is -441 - -145?
-252
In base 9, what is -6 - -1?
-5
In base 15, what is a9 + e?
b8
In base 5, what is 40102 - -4?
40111
In base 9, what is -70 - -4?
-65
In base 14, what is -1d - 64?
-83
In base 14, what is -42 - a7?
-109
In base 5, what is 10 - -1023?
1033
In base 11, what is 7a + 14?
93
In base 15, what is -16 - -1b?
5
In base 6, what is 5 + 2432?
2441
In base 6, what is 3542 + -4?
3534
In base 10, what is -3 + -1325?
-1328
In base 2, what is 101 + -1000000011?
-111111110
In base 4, what is -10 + -203323?
-203333
In base 10, what is 38 - 872?
-834
In base 10, what is 3 - -48?
51
In base 16, what is 2 + c4?
c6
In base 13, what is 3 + 663?
666
In base 16, what is -27 - 4?
-2b
In base 7, what is 2 + -23246?
-23244
In base 7, what is -2145 - 4?
-2152
In base 16, what is 10 + -33?
-23
In base 13, what is -4 + -4b?
-52
In base 11, what is 115 + -9?
107
In base 3, what is 10022110 + 0?
10022110
In base 2, what is 1010010111111 - 11?
1010010111100
In base 13, what is aaa - -3?
ab0
In base 9, what is 4 - 105?
-101
In base 14, what is 51 - 0?
51
In base 15, what is -3e3 - 2?
-3e5
In base 5, what is 1 + 13303?
13304
In base 12, what is -3 + -76?
-79
In base 9, what is -10007 - 4?
-10012
In base 3, what is 0 - 2020?
-2020
In base 6, what is -34300 + 0?
-34300
In base 12, what is 7 + -80?
-75
In base 16, what is -12 + -3?
-15
In base 16, what is 0 + -fd?
-fd
In base 6, what is -314 - -5?
-305
In base 16, what is 15d + 0?
15d
In base 11, what is 1 + -116?
-115
In base 11, what is -12 - -912?
900
In base 15, what is -27 + -9?
-31
In base 8, what is 4 - 32?
-26
In base 13, what is -1b - -1?
-1a
In base 6, what is -10402 + -1?
-10403
In base 4, what is 132300 - 10?
132230
In base 15, what is 2 - -48?
4a
In base 14, what is -11 - -2?
-d
In base 10, what is -754 + -3?
-757
In base 4, what is 12 + -100?
-22
In base 15, what is -1 + -d26?
-d27
In base 16, what is -1e + 12?
-c
In base 8, what is -6430 + 4?
-6424
In base 13, what is 26a - 4?
266
In base 6, what is -43 + -2?
-45
In base 14, what is -145 + -4?
-149
In base 5, what is -1411 + 0?
-1411
In base 3, what is 2 - 1?
1
In base 10, what is -81 + 0?
-81
In base 5, what is -142 - -233?
41
In base 3, what is -2 + 1110?
1101
In base 15, what is 4 + -a73?
-a6e
In base 13, what is 5 + -89?
-84
In base 15, what is 8 - -15?
1d
In base 9, what is -1 + 74?
73
In base 12, what is 11a + 0?
11a
In base 4, what is -3 - 1003?
-1012
In base 5, what is -1034 + 2?
-1032
In base 4, what is -101 + 22212?
22111
In base 11, what is -2077 + 1?
-2076
In base 13, what is c + 3a1?
3b0
In base 10, what is -1 - -6?
5
In base 10, what is 3007 - 6?
3001
In base 12, what is -a0 + 3?
-99
In base 5, what is 1 - 12?
-11
In base 5, what is -2 + 3304?
3302
In base 3, what is 110100220 - 10?
110100210
In base 12, what is -12 - 83?
-95
In base 16, what is -1 + -22?
-23
In base 10, what is 1 + 107?
108
In base 4, what is 1221 - 1011?
210
In base 2, what is 100111011111 - -1?
100111100000
In base 4, what is 1133 + -1121?
12
In base 13, what is -120 - 1?
-121
In base 15, what is -d + -3?
-11
In base 7, what is 123 - -10?
133
In base 3, what is 12 - -2202101?
2202120
In base 7, what is -5615 - -1?
-5614
In base 15, what is 3 + -3d1?
-3cd
In base 13, what is 1ca - -6?
203
In base 13, what is -4 - a7c?
-a83
In base 6, what is 5122 + -3?
5115
In base 8, what is -2 - 1?
-3
In base 3, what is -10 - 21121?
-21201
In base 15, what is -b5e - 0?
-b5e
In base 14, what is -cb + 5?
-c6
In base 8, what is 2 - -1061?
1063
In base 10, what is -4 + 1?
-3
In base 2, what is 11 - 11001101?
-11001010
In base 16, what is -4b4 + -5?
-4b9
In base 3, what is -122 + -12100?
-12222
In base 4, what is 12 - 120233?
-120221
In base 14, what is 3 - a?
-7
In base 6, what is 1 + 21?
22
In base 6, what is 50 - -150?
240
In base 13, what is -7 - -13?
9
In base 9, what is 17 + -125?
-107
In base 2, what is -11 - 1001100?
-1001111
In base 9, what is 5 - 8343?
-8337
In base 6, what is 51 - -41?
132
In base 14, what is 3 - -22?
25
In base 5, what is 3 + -12124?
-12121
In base